, 53, 13093
What are the prime factors of 167203960?
2, 5, 7, 11, 54287
What are the prime factors of 101370534?
2, 3, 71, 237959
What are the prime factors of 6210702773?
11, 163, 3463861
List the prime factors of 80796304.
2, 179, 28211
List the prime factors of 723506721.
3, 7, 89, 387109
List the prime factors of 3684617328.
2, 3, 7, 229, 6841
List the prime factors of 13809123.
3, 170483
List the prime factors of 345842252.
2, 7, 89, 137, 1013
What are the prime factors of 3166730127?
3, 11, 10662391
List the prime factors of 2269377751.
47, 1319, 36607
List the prime factors of 43552889.
4157, 10477
List the prime factors of 101807393.
191, 433, 1231
What are the prime factors of 245235863?
17, 848567
What are the prime factors of 329502093?
3, 109834031
What are the prime factors of 1577011977?
3, 149, 391999
What are the prime factors of 21359485?
5, 7, 610271
What are the prime factors of 774235228?
2, 13, 14889139
List the prime factors of 88395692.
2, 7, 11, 286999
List the prime factors of 3294903045.
3, 5, 7, 31, 1012259
What are the prime factors of 3156732712?
2, 7, 56370227
List the prime factors of 7344745.
5, 1468949
List the prime factors of 2804936263.
2804936263
List the prime factors of 6153691178.
2, 17, 1879, 96323
What are the prime factors of 30313593?
3, 599, 5623
What are the prime factors of 280860712?
2, 11, 83, 38453
List the prime factors of 212522317.
7, 1459, 20809
What are the prime factors of 48378187?
11, 13, 338309
What are the prime factors of 1577016735?
3, 5, 7, 23, 93287
List the prime factors of 364726638.
2, 3, 349, 6451
What are the prime factors of 674974451?
53, 2351, 5417
List the prime factors of 218455232.
2, 3413363
What are the prime factors of 30929932?
2, 11, 401, 1753
What are the prime factors of 595621658?
2, 191, 257, 6067
What are the prime factors of 1991113351?
1991113351
List the prime factors of 1381990267.
7, 28203883
List the prime factors of 140698482.
2, 3, 23449747
List the prime factors of 25977072.
2, 3, 11, 49199
List the prime factors of 393923221.
4003, 98407
List the prime factors of 2367138383.
79, 599, 50023
List the prime factors of 354499449.
3, 118166483
What are the prime factors of 46932826?
2, 257, 91309
What are the prime factors of 1884317956?
2, 6779, 69491
List the prime factors of 87265316.
2, 151, 144479
List the prime factors of 62172818.
2, 23, 647, 2089
List the prime factors of 5045811090.
2, 3, 5, 168193703
What are the prime factors of 28258119?
3, 1046597
What are the prime factors of 27895630?
2, 5, 7, 398509
List the prime factors of 9711848872.
2, 11, 59, 1870541
What are the prime factors of 20446868?
2, 13, 393209
What are the prime factors of 247121033?
53, 4662661
What are the prime factors of 420669039?
3, 7, 31, 646189
What are the prime factors of 756450943?
41, 659, 27997
List the prime factors of 19118604.
2, 3, 1593217
What are the prime factors of 98352224?
2, 29, 105983
List the prime factors of 4519427939.
13, 223, 251, 6211
What are the prime factors of 60275064?
2, 3, 17, 241, 613
List the prime factors of 2032709280.
2, 3, 5, 7, 604973
What are the prime factors of 524600734?
2, 7, 139, 269579
List the prime factors of 73825254.
2, 3, 17, 241259
List the prime factors of 8137791.
3, 23, 39313
List the prime factors of 1151696857.
23789, 48413
List the prime factors of 2217105300.
2, 3, 5, 7390351
What are the prime factors of 4682227?
11, 19, 43, 521
List the prime factors of 3043865360.
2, 5, 19, 105397
List the prime factors of 41398656.
2, 3, 13, 8293
List the prime factors of 1807596072.
2, 3, 269, 93329
List the prime factors of 769719835.
5, 859, 179213
List the prime factors of 156574653.
3, 43, 1213757
What are the prime factors of 387394968?
2, 3, 241, 66977
List the prime factors of 59324370.
2, 3, 5, 7, 101, 2797
List the prime factors of 744570569.
47, 823, 19249
List the prime factors of 1664962013.
11, 13, 11643091
List the prime factors of 2723257568.
2, 85101799
List the prime factors of 226667056.
2, 7, 11, 251, 733
List the prime factors of 36819714.
2, 3, 6136619
What are the prime factors of 533858061?
3, 11, 16177517
What are the prime factors of 128569248?
2, 3, 67, 2221
What are the prime factors of 676580779?
7, 37, 373183
What are the prime factors of 108192917?
7, 101, 199, 769
List the prime factors of 4457183722.
2, 701, 1459, 2179
What are the prime factors of 48735171?
3, 19, 103, 2767
What are the prime factors of 80176704?
2, 3, 53, 7879
What are the prime factors of 1660306052?
2, 61, 127, 131, 409
List the prime factors of 34377220.
2, 5, 1718861
List the prime factors of 278872061.
13, 53, 127, 3187
List the prime factors of 3849787348.
2, 11, 61, 421, 3407
What are the prime factors of 351233097?
3, 151, 775349
List the prime factors of 232626509.
89, 1237, 2113
List the prime factors of 57716749.
57716749
What are the prime factors of 971489842?
2, 31, 15669191
List the prime factors of 78924979.
7, 29, 388793
List the prime factors of 212102819.
97, 2186627
What are the prime factors of 14663229?
3, 7, 698249
List the prime factors of 4716637985.
5, 2749, 343153
What are the prime factors of 2870559229?
23, 29, 148403
What are the prime factors of 54625149?
3, 6069461
What are the prime factors of 445566916?
2, 111391729
List the prime factors of 47578830.
2, 3, 5, 13, 121997
What are the prime factors of 3075226057?
19, 161854003
List the prime factors of 39107224.
2, 13, 37, 10163
List the prime factors of 2294902.
2, 1147451
List the prime factors of 1962626751.
3, 3359, 64921
What are the prime factors of 88695112?
2, 11, 389, 2591
What are the prime factors of 26211186?
2, 3, 29, 149, 337
What are the prime factors of 1332904881?
3, 7, 11, 2099, 2749
What are the prime factors of 75491808?
2, 3, 7, 112339
What are the prime factors of 26982140?
2, 5, 113, 11939
What are the prime factors of 396663923?
163, 2433521
What are the prime factors of 2432213732?
2, 13, 17, 1129, 2437
List the prime factors of 324895425.
3, 5, 4331939
What are the prime factors of 29863371?
3, 43, 181, 1279
What are the prime factors of 16324474?
2, 37, 59, 3739
List the prime factors of 153730089.
3, 5693707
What are the prime factors of 1611443748?
2, 3, 43, 3122953
List the prime factors of 917102861.
917102861
What are the prime factors of 16303757?
23, 708859
What are the prime factors of 22677951?
3, 7559317
What are the prime factors of 995849698?
2, 17, 19, 101, 15263
What are the prime factors of 975521160?
2, 3, 5, 2709781
What are the prime factors of 442260415?
5, 31, 109, 26177
What are the prime factors of 1651849111?
11, 109, 587, 2347
What are the prime factors of 24176096?
2, 7, 37, 2917
List the prime factors of 946362240.
2, 3, 5, 164299
What are the prime factors of 3631427195?
5, 11, 41, 13309
List the prime factors of 388910622.
2, 3, 1123, 57719
What are the prime factors of 2750853283?
17, 1039, 155741
List the prime factors of 356801261.
59, 61, 99139
What are the prime factors of 47930376?
2, 3, 13, 153623
What are the prime factors of 251572058?
2, 3191, 39419
What are the prime factors of 262242492?
2, 3, 59, 370399
What are the prime factors of 372283943?
4801, 77543
List the prime factors of 5668305481.
577, 967, 10159
List the prime factors of 1514026006.
2, 757013003
List the prime factors of 4652242641.
3, 172305283
List the prime factors of 65433970.
2, 5, 7, 934771
What are the prime factors of 5202593044?
2, 11, 118240751
What are the prime factors of 816152238?
2, 3, 11, 353, 11677
What are the prime factors of 1630163600?
2, 5, 13, 67, 4679
What are the prime factors of 361325109?
3, 19, 6339037
List the prime factors of 592591929.
3, 59, 233, 14369
What are the prime factors of 1942765807?
1942765807
List the prime factors of 18870125.
5, 150961
List the prime factors of 39305085.
3, 5, 2620339
What are the prime factors of 124477086?
2, 3, 2437, 8513
What are the prime factors of 38022775?
5, 7, 31039
List the prime factors of 55143453.
3, 19, 967429
List the prime factors of 3117060915.
3, 5, 47, 433, 10211
List the prime factors of 236098341.
3, 269, 32507
List the prime factors of 240838143.
3, 7, 13, 37, 113, 211
List the prime factors of 159185306.
2, 7, 19, 379, 1